7*p - 18 = 4*p. Determine i(w).
-31
Let u(x) = -72*x - 25 + 22*x + 21*x + 23*x + 5. Give u(0).
-20
Let z(o) be the second derivative of o**6/720 - o**5/20 - o**4/12 - o**2 + 42*o. Let f(v) be the third derivative of z(v). Determine f(6).
0
Let j be (-39 + (-13 - -6))*10. Let x = 466 + j. Let p(h) = 7*h - 7. Calculate p(x).
35
Let g(s) = -4*s**2 - 9*s + 11. Let q(i) = 0*i**2 - 3 - 1 + 2 + i**2. Let b(v) = g(v) + 3*q(v). Determine b(-9).
5
Suppose 3*s = -1 + 7, 0 = -5*t + 5*s. Let l(h) = -5*h**t - 6*h**3 - h**3 - 2*h**2 + 9*h**2 + h. Suppose -5*i = -4*g - 4, -5 = 5*g - 6*i + 5*i. Give l(g).
8
Let j(a) = -9*a**2 + 391*a - 386*a - 50 + 45. What is j(2)?
-31
Suppose 5*h + 85 = -5*c, 47 = -2*h - 3*c + 13. Let p(w) = 2*w**3 + 34*w**2 + w + 16. Calculate p(h).
-1
Let n = 0 + 0. Let x(f) = -28 - 10*f**2 - f + 0*f**3 - f**3 + n*f**3 + 24. Give x(-10).
6
Let q be 5 - (0/(-2))/(-4). Let b(k) = k**2 + 1. Let a(m) = 4*m**2 - 3*m - 7. Let p(j) = -a(j) + 3*b(j). Let v(w) be the first derivative of p(w). What is v(q)?
-7
Let z(r) = 25*r + 93. Let s be z(9). Let y(v) = s + v - 3*v - 304 + v. Calculate y(0).
14
Let k(p) = -23*p**3 - 10*p**2 + 29*p + 23. Let y(h) = 7*h**3 + 4*h**2 - 9*h - 8. Let b(j) = 3*k(j) + 10*y(j). Determine b(-10).
19
Let z(d) be the third derivative of -5*d**4/24 - d**3/3 - 3*d**2. Let q = -192 - -199. Suppose q*y = -5*b + 8*y + 11, -3*b - y = -13. What is z(b)?
-17
Let c(q) be the second derivative of -q**3/3 - q**2/2 - 835*q. Let d(y) = y**3 + 8*y**2 + 6*y. Let j be d(-7). Suppose 0 = -4*f - j - 9. Determine c(f).
7
Let q(m) = 15*m - 1. Let p(w) = 12 + 6*w - 11 - 20*w. Let s(l) = -5*p(l) - 4*q(l). Calculate s(1).
9
Let l(r) = r**3 + 6*r**2 - 4*r - 3. Let s(k) = 5*k - 77. Let j be (1 - 4)*(-28)/6. Let a be s(j). Calculate l(a).
-24
Let h(z) = 28*z - 21. Let q(f) = -17*f + 11. Let c(m) = -3*h(m) - 5*q(m). What is c(-13)?
-5
Let m(b) = 5*b + 2. Let o be m(16). Let n(z) = -81*z**3 - 174 + 12*z**2 + o*z**3 + 170. Determine n(-12).
-4
Let d = 29929 + -29927. Let f(t) be the second derivative of -5/12*t**4 + 0*t**d + 0 - 1/20*t**5 - 1/6*t**3 + 37*t. Determine f(-5).
5
Let g(n) = -4*n**2 + 3*n. Let u(a) = 25*a**2 - 7*a + 21. Let k(t) = 6*g(t) + u(t). Determine k(-4).
-7
Suppose 2*n - 49 = -3*g, -3*n = 5*g - 8 - 64. Suppose -9 = -26*c + n*c. Let k be -2*(-1 - c/(-6)). Let i(a) = 2*a - 2. What is i(k)?
4
Let q(c) = -4*c**3 - 5*c**2 + 1. Let l be q(-2). Let g(u) be the third derivative of -u**6/120 + 13*u**5/60 - u**3/6 - u**2 - 38*u. Calculate g(l).
-1
Let z(t) be the second derivative of -t**5/20 - t**4/3 + t**3/3 - t**2/2 + 2250*t. Calculate z(-4).
-9
Let j be 11/(77/(-63))*4/18. Let p(c) = -c**3 - 9*c**2 - 3*c - 3. Let k(q) = 2*q**3 + 17*q**2 + 5*q + 5. Let h(v) = -6*k(v) - 11*p(v). Determine h(j).
-7
Let d(a) be the second derivative of -a**4/4 - 7*a**3 + 20*a**2 + 1262*a. Give d(-15).
-5
Let i(n) = -n**2 + 13*n - 18. Suppose -14*j - v = -62, v - 38 = -46. Determine i(j).
22
Suppose -344 = -6*c + 10. Let m(r) = 188*r + 5 - 64*r - c*r - 63*r. Calculate m(-4).
-3
Let t = 8984 + -8936. Suppose -26 + 126 = 2*v. Let k = t - v. Let n(s) = s - 1. Calculate n(k).
-3
Suppose 3*z + o - 416 = 6*o, 3*o + 136 = z. Let c = z + -130. Let b(x) = -x**3 + 13*x**2 - 11*x - 1. What is b(c)?
11
Let m = -5 + 8. Suppose -m*z - 10 = -z. Let v(f) = -4 - 8*f + 21*f**2 + 22*f**2 - 66*f**2 + 22*f**2. Give v(z).
11
Let w(r) = -r**2 + 24*r + 80. Suppose -9*t = -29*t + 18167 - 17627. Give w(t).
-1
Suppose 2*q - 4 = o, 4 + 0 = 4*q - 3*o. Let s = -2 + q. Let c(p) = -4*p + 2*p**3 - 16*p**2 - 3 + 38*p**2 - 22*p**s. Calculate c(-2).
-11
Let p(i) = -5*i**2 + 7*i + 2. Let c(d) = 9*d**2 - 13*d - 4. Let h(y) = 4*c(y) + 7*p(y). Let g be h(4). Let o(u) = -g*u - 9 - 1 + 5 + u. Calculate o(-3).
-2
Let u(p) = -4*p**3 + 21*p**2 - p - 1. Let r(g) = -g**3 + 5*g**2. Suppose -14*l + 18 = -10. Let d(x) = l*u(x) - 9*r(x). Give d(4).
6
Suppose 9 = 3*u + 3*s, -40 = -21*u + 17*u + 3*s. Let d(r) be the third derivative of r**6/120 - 2*r**5/15 + 5*r**4/12 - 8*r**3/3 - 7*r**2. Determine d(u).
5
Let f be (16 - 165/11) + -14. Let n(g) = 2*g**3 + 24*g**2 - 25*g + 23. Calculate n(f).
10
Let k = -252 - -567. Let m = k + -316. Let r(a) = -a. Determine r(m).
1
Suppose 81*k = -49*k + 520. Let y(m) = m**2 - 4*m + 16. Calculate y(k).
16
Suppose 22 = w + c, -5*c = -16*w + 111 - 95. Let v(p) = -1 + 6*p - 3*p - 4*p. Let a(l) = -l**2 - l. Let z(b) = a(b) - 5*v(b). Determine z(w).
-7
Let o = 194 + -191. Let w(k) be the first derivative of k**3/3 - k**2/2 - k - 2. What is w(o)?
5
Let l(d) = d**3 + 13*d**2 + 14*d + 29. Let y(k) = 21*k + 933. Let g be y(-45). Give l(g).
5
Let n(w) = -w - 10. Let c(x) = x**2 - 4*x - 19. Suppose 3*t + 4*y = -t, -4*t - 6 = -2*y. Let v be (0 + 2)*(2 - t). Let k be c(v). Give n(k).
-3
Let j(y) = 13*y + 11. Let a(f) = -3*f - 3. Let v(p) = 9*a(p) + 2*j(p). Let r(c) = -1. Let s(n) = -6*r(n) + v(n). Give s(9).
-8
Let i(f) = -9*f + 1. Let c(b) = -b**2 - 13*b + 10. Let o be c(-15). Let p = 64 - o. Let k = -81 + p. Determine i(k).
-26
Let g = -14862 - -14873. Let k(r) = 6*r - 55. Calculate k(g).
11
Let z(h) = h**2 + 6*h - 1. Let p be -3 + -2 - 0 - -1. Let t(a) = -a**3 - a**2 - 5*a + 3. Let y be t(p). Let q = 66 - y. Give z(q).
-6
Let k(w) = w**3 + 6*w**2 + 6*w - 3. Suppose 9*c - 19*c = 1770. Let y = 172 + c. What is k(y)?
-8
Suppose 1605*i = 1626*i + 147. Let p(d) = 3*d + 14. Calculate p(i).
-7
Let f(r) = 864 + 2*r - 218 - 217 - 216 - 215. Let x = 9 - 3. Suppose -26 = -4*k - x. Give f(k).
8
Let z(a) = -41*a + 204. Let k(t) = -880*t - 7915. Let b be k(-9). What is z(b)?
-1
Let x(j) = 4*j + 222. Let a = 3881 + -3938. Calculate x(a).
-6
Let r(u) = 15*u**2 + u. Let w = -12085 + 12087. Give r(w).
62
Let d(x) = -2*x**2 + 3*x - 10. Let u = -7509 - -7509. Determine d(u).
-10
Let m(v) = -v**2 + 4*v - 1. Let l(d) = 3*d**2 - 16*d + 6. Suppose 9*r - 4*r = 2*p - 23, -3*p - 8 = r. Let g(n) = p*l(n) - 5*m(n). What is g(4)?
15
Let p(j) = 45 - j**3 - 16*j - 44 + 8*j**2 - 2*j**2 - 17*j + 21*j. Give p(6).
-71
Let q be -5 - (-65)/5 - 4. Let b(r) = -4*r - 585*r**2 - 4*r - r - q*r + 584*r**2 + 2. Give b(-14).
-12
Let j(n) = 5*n**3 - 22*n**2 - 18*n - 31. Let p(q) = -q**3 + q**2 + 1. Let w(l) = -j(l) - 4*p(l). Let d = -1334397 - -1334416. What is w(d)?
8
Let y(l) = 81*l - 487. Let q be y(6). Let i(a) = 5*a**3 + a**2 + 4*a + 3. Calculate i(q).
-5
Let h(c) = 8*c**3 - 51*c**2 - 27*c + 30. Let m(s) = -3*s**3 + 19*s**2 + 9*s - 10. Let b(g) = -4*h(g) - 11*m(g). What is b(4)?
10
Suppose -10*k + 12*k - m = -5, 3*k - 5*m + 25 = 0. Let y(j) = -9*j - 16. Give y(k).
-16
Let d(g) = -g**2 + 1. Let x = -364 + 365. Let a(u) = 2*u**2 + 11*u - 7. Let l(y) = x*d(y) + a(y). Give l(-9).
-24
Let l = -6230 + 37381/6. Let t(s) be the second derivative of -1/2*s**2 - 1/6*s**3 + 0 + 29*s + l*s**4. Determine t(-2).
9
Let g(j) = -6*j - 5. Let y(w) = 13*w + 11. Let x be (-3 + 1)*10/4. Let h(t) = x*g(t) - 2*y(t). Let q = -1124 - -1122. Give h(q).
-5
Let k(c) be the first derivative of 9*c**2/2 + 21*c - 1150. Calculate k(-6).
-33
Let o(n) = 11*n + 1109. Let k be o(-101). Let y(r) = r**2 + 7*r + 6. Give y(k).
-4
Suppose -p - 74 = -w, 0 = 3*w - 4*p - 119 - 99. Suppose 17*c + w = -9*c. Let h(l) = -3*l**2 - 3*l - 4. Calculate h(c).
-22
Let o(r) be the second derivative of -r**5/20 + 2*r**4/3 + 11*r**3/6 + 5*r**2 + r. Suppose -94*p + 16 = -95*p + 5*d, 8*p = 5*d + 47. Give o(p).
28
Let x(f) be the first derivative of 4*f**2 - f + 81. Let w be x(1). Let k(g) = -2*g + 7. Determine k(w).
-7
Suppose -31 = -4*a + 6*a + 3*v, -4*v - 20 = 0. Let u(n) = -24*n - 217. What is u(a)?
-25
Let i(r) = -11 + 4*r + 8 + r**2 + 6. Let t be (-15)/12*(48 - 4). Let c = t - -53. What is i(c)?
-1
Let w(z) = 2 + 3 - 2*z + 0 + 1. Let r = -3891 - -3881. Give w(r).
26
Let z(k) = -k**2. Let o be z(2). Let u(q) = -q**3 - q**2 - 12*q - 20. Let r(g) = 3*g**3 + 2*g**2 + 39*g + 67. Let s(i) = 4*r(i) + 13*u(i). Determine s(o).
-8
Let l(t) = 14*t**2 + 113*t + 12. Let u = -4118 + 4110. What is l(u)?
4
Let q = 74 + -28. Let s = 48 - q. Let i(x) = 7*x**s - 10*x**2 - 2 + 5*x**2 + x. What is i(3)?
19
Let c(u) = u**3 - u**2 - 1. Let w = -280 - -279. Let n(i) = 4*i**3 - 9*i**2 + 6*i - 1. Let b(l) = w*n(l) + 3*c(l). Give b(5).
-7
Let m(h) = h + 7. Suppose o - 3*j + 16 = -454, -o - 460 = -j. Let 